{"id":11,"date":"2023-12-14T13:40:25","date_gmt":"2023-12-14T18:40:25","guid":{"rendered":"https:\/\/marketing-multinivel.com\/info\/?page_id=11"},"modified":"2025-02-01T06:43:21","modified_gmt":"2025-02-01T11:43:21","slug":"home","status":"publish","type":"page","link":"https:\/\/marketing-multinivel.com\/info\/","title":{"rendered":"Home"},"content":{"rendered":"\t\t<div data-elementor-type=\"wp-page\" data-elementor-id=\"11\" class=\"elementor elementor-11\" data-elementor-post-type=\"page\">\n\t\t\t\t<div class=\"elementor-element elementor-element-d946b6b e-con-full e-flex e-con e-parent\" data-id=\"d946b6b\" data-element_type=\"container\" data-e-type=\"container\" data-settings=\"{&quot;background_background&quot;:&quot;classic&quot;,&quot;shape_divider_bottom&quot;:&quot;tilt&quot;}\">\n\t\t\t\t<div class=\"elementor-shape elementor-shape-bottom\" aria-hidden=\"true\" data-negative=\"false\">\n\t\t\t<svg xmlns=\"http:\/\/www.w3.org\/2000\/svg\" viewBox=\"0 0 1000 100\" preserveAspectRatio=\"none\">\n\t<path class=\"elementor-shape-fill\" d=\"M0,6V0h1000v100L0,6z\"\/>\n<\/svg>\t\t<\/div>\n\t\t<div class=\"elementor-element elementor-element-feeb749 e-con-full e-flex e-con e-child\" data-id=\"feeb749\" data-element_type=\"container\" data-e-type=\"container\">\n\t\t\t\t<div class=\"elementor-element elementor-element-d1ddb28 elementor-absolute elementor-widget elementor-widget-heading\" data-id=\"d1ddb28\" data-element_type=\"widget\" data-e-type=\"widget\" data-settings=\"{&quot;_position&quot;:&quot;absolute&quot;}\" data-widget_type=\"heading.default\">\n\t\t\t\t<div class=\"elementor-widget-container\">\n\t\t\t\t\t<h2 class=\"elementor-heading-title elementor-size-default\">Software Multinivel para crear<\/h2>\t\t\t\t<\/div>\n\t\t\t\t<\/div>\n\t\t\t\t<div class=\"elementor-element elementor-element-ccb357c elementor-absolute elementor-widget-mobile__width-initial elementor-widget elementor-widget-heading\" data-id=\"ccb357c\" data-element_type=\"widget\" data-e-type=\"widget\" data-settings=\"{&quot;_position&quot;:&quot;absolute&quot;}\" data-widget_type=\"heading.default\">\n\t\t\t\t<div class=\"elementor-widget-container\">\n\t\t\t\t\t<h2 class=\"elementor-heading-title elementor-size-default\">tu propio negocio<\/h2>\t\t\t\t<\/div>\n\t\t\t\t<\/div>\n\t\t\t\t<div class=\"elementor-element elementor-element-e8c34b7 elementor-absolute elementor-widget-mobile__width-inherit elementor-widget elementor-widget-heading\" data-id=\"e8c34b7\" data-element_type=\"widget\" data-e-type=\"widget\" data-settings=\"{&quot;_position&quot;:&quot;absolute&quot;}\" data-widget_type=\"heading.default\">\n\t\t\t\t<div class=\"elementor-widget-container\">\n\t\t\t\t\t<h2 class=\"elementor-heading-title elementor-size-default\">MLM, Network Marketing y Venta Directa<\/h2>\t\t\t\t<\/div>\n\t\t\t\t<\/div>\n\t\t\t\t<div class=\"elementor-element elementor-element-7458d9f elementor-absolute elementor-widget elementor-widget-heading\" data-id=\"7458d9f\" data-element_type=\"widget\" data-e-type=\"widget\" data-settings=\"{&quot;_position&quot;:&quot;absolute&quot;}\" data-widget_type=\"heading.default\">\n\t\t\t\t<div class=\"elementor-widget-container\">\n\t\t\t\t\t<h3 class=\"elementor-heading-title elementor-size-default\">\u00a1L\u00edder!  lleva<\/h3>\t\t\t\t<\/div>\n\t\t\t\t<\/div>\n\t\t\t\t<div class=\"elementor-element elementor-element-fbb461b elementor-absolute elementor-widget elementor-widget-heading\" data-id=\"fbb461b\" data-element_type=\"widget\" data-e-type=\"widget\" data-settings=\"{&quot;_position&quot;:&quot;absolute&quot;}\" data-widget_type=\"heading.default\">\n\t\t\t\t<div class=\"elementor-widget-container\">\n\t\t\t\t\t<h3 class=\"elementor-heading-title elementor-size-default\">tu emprendimiento <\/h3>\t\t\t\t<\/div>\n\t\t\t\t<\/div>\n\t\t\t\t<div class=\"elementor-element elementor-element-6b25b79 elementor-absolute elementor-widget elementor-widget-heading\" data-id=\"6b25b79\" data-element_type=\"widget\" data-e-type=\"widget\" data-settings=\"{&quot;_position&quot;:&quot;absolute&quot;}\" data-widget_type=\"heading.default\">\n\t\t\t\t<div class=\"elementor-widget-container\">\n\t\t\t\t\t<h3 class=\"elementor-heading-title elementor-size-default\"> al siguiente nivel...<\/h3>\t\t\t\t<\/div>\n\t\t\t\t<\/div>\n\t\t<div class=\"elementor-element elementor-element-237abff e-con-full e-flex e-con e-child\" data-id=\"237abff\" data-element_type=\"container\" data-e-type=\"container\">\n\t\t\t\t<div class=\"elementor-element elementor-element-4590774 elementor-mobile-align-center elementor-widget elementor-widget-button\" data-id=\"4590774\" data-element_type=\"widget\" data-e-type=\"widget\" data-widget_type=\"button.default\">\n\t\t\t\t<div class=\"elementor-widget-container\">\n\t\t\t\t\t\t\t\t\t<div class=\"elementor-button-wrapper\">\n\t\t\t\t\t<a class=\"elementor-button elementor-button-link elementor-size-sm\" href=\"https:\/\/wa.me\/51997577808\">\n\t\t\t\t\t\t<span class=\"elementor-button-content-wrapper\">\n\t\t\t\t\t\t<span class=\"elementor-button-icon\">\n\t\t\t\t<i aria-hidden=\"true\" class=\"fab fa-whatsapp\"><\/i>\t\t\t<\/span>\n\t\t\t\t\t\t\t\t\t<span class=\"elementor-button-text\">Com\u00e9ntame tu proyecto<\/span>\n\t\t\t\t\t<\/span>\n\t\t\t\t\t<\/a>\n\t\t\t\t<\/div>\n\t\t\t\t\t\t\t\t<\/div>\n\t\t\t\t<\/div>\n\t\t\t\t<div class=\"elementor-element elementor-element-3b9e001 elementor-widget elementor-widget-button\" data-id=\"3b9e001\" data-element_type=\"widget\" data-e-type=\"widget\" data-widget_type=\"button.default\">\n\t\t\t\t<div class=\"elementor-widget-container\">\n\t\t\t\t\t\t\t\t\t<div class=\"elementor-button-wrapper\">\n\t\t\t\t\t<a class=\"elementor-button elementor-button-link elementor-size-sm\" href=\"#Form\">\n\t\t\t\t\t\t<span class=\"elementor-button-content-wrapper\">\n\t\t\t\t\t\t<span class=\"elementor-button-icon\">\n\t\t\t\t<i aria-hidden=\"true\" class=\"fas fa-chevron-right\"><\/i>\t\t\t<\/span>\n\t\t\t\t\t\t\t\t\t<span class=\"elementor-button-text\">Prueba DEMO<\/span>\n\t\t\t\t\t<\/span>\n\t\t\t\t\t<\/a>\n\t\t\t\t<\/div>\n\t\t\t\t\t\t\t\t<\/div>\n\t\t\t\t<\/div>\n\t\t\t\t<\/div>\n\t\t\t\t<\/div>\n\t\t<div class=\"elementor-element elementor-element-399a303 e-con-full e-flex e-con e-child\" data-id=\"399a303\" data-element_type=\"container\" data-e-type=\"container\">\n\t\t\t\t<div class=\"elementor-element elementor-element-9004109 elementor-widget__width-initial elementor-widget elementor-widget-image\" data-id=\"9004109\" data-element_type=\"widget\" data-e-type=\"widget\" data-widget_type=\"image.default\">\n\t\t\t\t<div class=\"elementor-widget-container\">\n\t\t\t\t\t\t\t\t\t\t\t\t\t\t\t<img fetchpriority=\"high\" decoding=\"async\" width=\"800\" height=\"594\" src=\"https:\/\/i0.wp.com\/marketing-multinivel.com\/info\/wp-content\/uploads\/headermovil_escritorio.png?fit=800%2C594&amp;ssl=1\" class=\"attachment-large size-large wp-image-164\" alt=\"\" srcset=\"https:\/\/i0.wp.com\/marketing-multinivel.com\/info\/wp-content\/uploads\/headermovil_escritorio.png?w=830&amp;ssl=1 830w, https:\/\/i0.wp.com\/marketing-multinivel.com\/info\/wp-content\/uploads\/headermovil_escritorio.png?resize=300%2C223&amp;ssl=1 300w, https:\/\/i0.wp.com\/marketing-multinivel.com\/info\/wp-content\/uploads\/headermovil_escritorio.png?resize=768%2C570&amp;ssl=1 768w\" sizes=\"(max-width: 800px) 100vw, 800px\" \/>\t\t\t\t\t\t\t\t\t\t\t\t\t\t\t<\/div>\n\t\t\t\t<\/div>\n\t\t\t\t<div class=\"elementor-element elementor-element-4727b5b elementor-widget elementor-widget-image\" data-id=\"4727b5b\" data-element_type=\"widget\" data-e-type=\"widget\" data-widget_type=\"image.default\">\n\t\t\t\t<div class=\"elementor-widget-container\">\n\t\t\t\t\t\t\t\t\t\t\t\t\t\t\t<img decoding=\"async\" width=\"734\" height=\"688\" src=\"https:\/\/i0.wp.com\/marketing-multinivel.com\/info\/wp-content\/uploads\/headerpc_escritorio.png?fit=734%2C688&amp;ssl=1\" class=\"attachment-large size-large wp-image-165\" alt=\"\" srcset=\"https:\/\/i0.wp.com\/marketing-multinivel.com\/info\/wp-content\/uploads\/headerpc_escritorio.png?w=734&amp;ssl=1 734w, https:\/\/i0.wp.com\/marketing-multinivel.com\/info\/wp-content\/uploads\/headerpc_escritorio.png?resize=300%2C281&amp;ssl=1 300w\" sizes=\"(max-width: 734px) 100vw, 734px\" \/>\t\t\t\t\t\t\t\t\t\t\t\t\t\t\t<\/div>\n\t\t\t\t<\/div>\n\t\t\t\t<\/div>\n\t\t\t\t<\/div>\n\t\t<div class=\"elementor-element elementor-element-69f533e e-con-full e-flex e-con e-parent\" data-id=\"69f533e\" data-element_type=\"container\" data-e-type=\"container\" data-settings=\"{&quot;background_background&quot;:&quot;classic&quot;,&quot;shape_divider_bottom&quot;:&quot;tilt&quot;}\">\n\t\t\t\t<div class=\"elementor-shape elementor-shape-bottom\" aria-hidden=\"true\" data-negative=\"false\">\n\t\t\t<svg xmlns=\"http:\/\/www.w3.org\/2000\/svg\" viewBox=\"0 0 1000 100\" preserveAspectRatio=\"none\">\n\t<path class=\"elementor-shape-fill\" d=\"M0,6V0h1000v100L0,6z\"\/>\n<\/svg>\t\t<\/div>\n\t\t<div class=\"elementor-element elementor-element-a0bd408 e-con-full e-flex e-con e-child\" data-id=\"a0bd408\" data-element_type=\"container\" data-e-type=\"container\">\n\t\t\t\t<div class=\"elementor-element elementor-element-4a8ab30 elementor-widget elementor-widget-heading\" data-id=\"4a8ab30\" data-element_type=\"widget\" data-e-type=\"widget\" data-widget_type=\"heading.default\">\n\t\t\t\t<div class=\"elementor-widget-container\">\n\t\t\t\t\t<h2 class=\"elementor-heading-title elementor-size-default\">Solicita tu demostraci\u00f3n guiada<\/h2>\t\t\t\t<\/div>\n\t\t\t\t<\/div>\n\t\t\t\t<\/div>\n\t\t<div class=\"elementor-element elementor-element-7a75fe6 e-flex e-con-boxed e-con e-child\" data-id=\"7a75fe6\" data-element_type=\"container\" data-e-type=\"container\">\n\t\t\t\t\t<div class=\"e-con-inner\">\n\t\t\t\t<div class=\"elementor-element elementor-element-f54dee8 elementor-widget elementor-widget-menu-anchor\" data-id=\"f54dee8\" data-element_type=\"widget\" data-e-type=\"widget\" data-widget_type=\"menu-anchor.default\">\n\t\t\t\t<div class=\"elementor-widget-container\">\n\t\t\t\t\t\t\t<div class=\"elementor-menu-anchor\" id=\"Form\"><\/div>\n\t\t\t\t\t\t<\/div>\n\t\t\t\t<\/div>\n\t\t\t\t<div class=\"elementor-element elementor-element-fa777f2 elementor-button-align-stretch elementor-widget elementor-widget-form\" data-id=\"fa777f2\" data-element_type=\"widget\" data-e-type=\"widget\" data-settings=\"{&quot;step_next_label&quot;:&quot;Next&quot;,&quot;step_previous_label&quot;:&quot;Previous&quot;,&quot;button_width&quot;:&quot;100&quot;,&quot;step_type&quot;:&quot;number_text&quot;,&quot;step_icon_shape&quot;:&quot;circle&quot;}\" data-widget_type=\"form.default\">\n\t\t\t\t<div class=\"elementor-widget-container\">\n\t\t\t\t\t\t\t<form class=\"elementor-form\" method=\"post\" name=\"Form\">\n\t\t\t<input type=\"hidden\" name=\"post_id\" value=\"11\"\/>\n\t\t\t<input type=\"hidden\" name=\"form_id\" value=\"fa777f2\"\/>\n\t\t\t<input type=\"hidden\" name=\"referer_title\" value=\"Home - Marketing Multinivel\" \/>\n\n\t\t\t\t\t\t\t<input type=\"hidden\" name=\"queried_id\" value=\"11\"\/>\n\t\t\t\n\t\t\t<div class=\"elementor-form-fields-wrapper elementor-labels-above\">\n\t\t\t\t\t\t\t\t<div class=\"elementor-field-type-text elementor-field-group elementor-column elementor-field-group-name elementor-col-40\">\n\t\t\t\t\t\t\t\t\t\t\t\t\t<input size=\"1\" type=\"text\" name=\"form_fields[name]\" id=\"form-field-name\" class=\"elementor-field elementor-size-sm  elementor-field-textual\" placeholder=\"Nombre\">\n\t\t\t\t\t\t\t\t\t\t\t<\/div>\n\t\t\t\t\t\t\t\t<div class=\"elementor-field-type-text elementor-field-group elementor-column elementor-field-group-field_5ad0baf elementor-col-60\">\n\t\t\t\t\t\t\t\t\t\t\t\t\t<input size=\"1\" type=\"text\" name=\"form_fields[field_5ad0baf]\" id=\"form-field-field_5ad0baf\" class=\"elementor-field elementor-size-sm  elementor-field-textual\" placeholder=\"Apellido\">\n\t\t\t\t\t\t\t\t\t\t\t<\/div>\n\t\t\t\t\t\t\t\t<div class=\"elementor-field-type-email elementor-field-group elementor-column elementor-field-group-email elementor-col-70 elementor-field-required\">\n\t\t\t\t\t\t\t\t\t\t\t\t\t<input size=\"1\" type=\"email\" name=\"form_fields[email]\" id=\"form-field-email\" class=\"elementor-field elementor-size-sm  elementor-field-textual\" placeholder=\"Correo\" required=\"required\">\n\t\t\t\t\t\t\t\t\t\t\t<\/div>\n\t\t\t\t\t\t\t\t<div class=\"elementor-field-type-text elementor-field-group elementor-column elementor-field-group-field_d96ad01 elementor-col-30 elementor-field-required\">\n\t\t\t\t\t\t\t\t\t\t\t\t\t<input size=\"1\" type=\"text\" name=\"form_fields[field_d96ad01]\" id=\"form-field-field_d96ad01\" class=\"elementor-field elementor-size-sm  elementor-field-textual\" placeholder=\"WhatsApp\" required=\"required\">\n\t\t\t\t\t\t\t\t\t\t\t<\/div>\n\t\t\t\t\t\t\t\t<div class=\"elementor-field-type-textarea elementor-field-group elementor-column elementor-field-group-message elementor-col-100\">\n\t\t\t\t\t<textarea class=\"elementor-field-textual elementor-field  elementor-size-sm\" name=\"form_fields[message]\" id=\"form-field-message\" rows=\"4\" placeholder=\"Message\"><\/textarea>\t\t\t\t<\/div>\n\t\t\t\t\t\t\t\t<div class=\"elementor-field-group elementor-column elementor-field-type-submit elementor-col-100 e-form__buttons\">\n\t\t\t\t\t<button class=\"elementor-button elementor-size-sm\" type=\"submit\">\n\t\t\t\t\t\t<span class=\"elementor-button-content-wrapper\">\n\t\t\t\t\t\t\t\t\t\t\t\t\t\t\t\t\t\t\t\t\t\t<span class=\"elementor-button-text\">Send<\/span>\n\t\t\t\t\t\t\t\t\t\t\t\t\t<\/span>\n\t\t\t\t\t<\/button>\n\t\t\t\t<\/div>\n\t\t\t<\/div>\n\t\t<\/form>\n\t\t\t\t\t\t<\/div>\n\t\t\t\t<\/div>\n\t\t\t\t\t<\/div>\n\t\t\t\t<\/div>\n\t\t\t\t<\/div>\n\t\t\t\t<\/div>\n\t\t","protected":false},"excerpt":{"rendered":"<p>Software Multinivel para crear tu propio negocio MLM, Network Marketing y Venta Directa \u00a1L\u00edder! lleva tu emprendimiento al siguiente nivel&#8230; Com\u00e9ntame tu proyecto Prueba DEMO Solicita tu demostraci\u00f3n guiada<\/p>\n","protected":false},"author":1,"featured_media":0,"parent":0,"menu_order":0,"comment_status":"closed","ping_status":"closed","template":"","meta":{"footnotes":""},"class_list":["post-11","page","type-page","status-publish","hentry"],"yoast_head":"<!-- This site is optimized with the Yoast SEO plugin v24.3 - https:\/\/yoast.com\/wordpress\/plugins\/seo\/ -->\n<title>Home - Marketing Multinivel<\/title>\n<meta name=\"robots\" content=\"index, follow, max-snippet:-1, max-image-preview:large, max-video-preview:-1\" \/>\n<link rel=\"canonical\" href=\"https:\/\/marketing-multinivel.com\/info\/\" \/>\n<meta property=\"og:locale\" content=\"es_ES\" \/>\n<meta property=\"og:type\" content=\"article\" \/>\n<meta property=\"og:title\" content=\"Home - Marketing Multinivel\" \/>\n<meta property=\"og:description\" content=\"Software Multinivel para crear tu propio negocio MLM, Network Marketing y Venta Directa \u00a1L\u00edder! lleva tu emprendimiento al siguiente nivel&#8230; Com\u00e9ntame tu proyecto Prueba DEMO Solicita tu demostraci\u00f3n guiada\" \/>\n<meta property=\"og:url\" content=\"https:\/\/marketing-multinivel.com\/info\/\" \/>\n<meta property=\"og:site_name\" content=\"Marketing Multinivel\" \/>\n<meta property=\"article:modified_time\" content=\"2025-02-01T11:43:21+00:00\" \/>\n<meta property=\"og:image\" content=\"https:\/\/marketing-multinivel.com\/info\/wp-content\/uploads\/headermovil_escritorio.png\" \/>\n<meta name=\"twitter:card\" content=\"summary_large_image\" \/>\n<meta name=\"twitter:label1\" content=\"Tiempo de lectura\" \/>\n\t<meta name=\"twitter:data1\" content=\"1 minuto\" \/>\n<script type=\"application\/ld+json\" class=\"yoast-schema-graph\">{\"@context\":\"https:\/\/schema.org\",\"@graph\":[{\"@type\":\"WebPage\",\"@id\":\"https:\/\/marketing-multinivel.com\/info\/\",\"url\":\"https:\/\/marketing-multinivel.com\/info\/\",\"name\":\"Home - Marketing Multinivel\",\"isPartOf\":{\"@id\":\"https:\/\/marketing-multinivel.com\/info\/#website\"},\"primaryImageOfPage\":{\"@id\":\"https:\/\/marketing-multinivel.com\/info\/#primaryimage\"},\"image\":{\"@id\":\"https:\/\/marketing-multinivel.com\/info\/#primaryimage\"},\"thumbnailUrl\":\"https:\/\/marketing-multinivel.com\/info\/wp-content\/uploads\/headermovil_escritorio.png\",\"datePublished\":\"2023-12-14T18:40:25+00:00\",\"dateModified\":\"2025-02-01T11:43:21+00:00\",\"breadcrumb\":{\"@id\":\"https:\/\/marketing-multinivel.com\/info\/#breadcrumb\"},\"inLanguage\":\"es\",\"potentialAction\":[{\"@type\":\"ReadAction\",\"target\":[\"https:\/\/marketing-multinivel.com\/info\/\"]}]},{\"@type\":\"ImageObject\",\"inLanguage\":\"es\",\"@id\":\"https:\/\/marketing-multinivel.com\/info\/#primaryimage\",\"url\":\"https:\/\/i0.wp.com\/marketing-multinivel.com\/info\/wp-content\/uploads\/headermovil_escritorio.png?fit=830%2C616&ssl=1\",\"contentUrl\":\"https:\/\/i0.wp.com\/marketing-multinivel.com\/info\/wp-content\/uploads\/headermovil_escritorio.png?fit=830%2C616&ssl=1\",\"width\":830,\"height\":616},{\"@type\":\"BreadcrumbList\",\"@id\":\"https:\/\/marketing-multinivel.com\/info\/#breadcrumb\",\"itemListElement\":[{\"@type\":\"ListItem\",\"position\":1,\"name\":\"Inicio\",\"item\":\"https:\/\/marketing-multinivel.com\/info\/\"},{\"@type\":\"ListItem\",\"position\":2,\"name\":\"Home\"}]},{\"@type\":\"WebSite\",\"@id\":\"https:\/\/marketing-multinivel.com\/info\/#website\",\"url\":\"https:\/\/marketing-multinivel.com\/info\/\",\"name\":\"Marketing Multinivel\",\"description\":\"Transformamos l\u00edderes de redes de mercadeo en empresarios independientes con herramientas digitales y estrategias de marketing.\",\"alternateName\":\"Impulsa tu Multinivel\",\"potentialAction\":[{\"@type\":\"SearchAction\",\"target\":{\"@type\":\"EntryPoint\",\"urlTemplate\":\"https:\/\/marketing-multinivel.com\/info\/?s={search_term_string}\"},\"query-input\":{\"@type\":\"PropertyValueSpecification\",\"valueRequired\":true,\"valueName\":\"search_term_string\"}}],\"inLanguage\":\"es\"}]}<\/script>\n<!-- \/ Yoast SEO plugin. -->","yoast_head_json":{"title":"Home - Marketing Multinivel","robots":{"index":"index","follow":"follow","max-snippet":"max-snippet:-1","max-image-preview":"max-image-preview:large","max-video-preview":"max-video-preview:-1"},"canonical":"https:\/\/marketing-multinivel.com\/info\/","og_locale":"es_ES","og_type":"article","og_title":"Home - Marketing Multinivel","og_description":"Software Multinivel para crear tu propio negocio MLM, Network Marketing y Venta Directa \u00a1L\u00edder! lleva tu emprendimiento al siguiente nivel&#8230; Com\u00e9ntame tu proyecto Prueba DEMO Solicita tu demostraci\u00f3n guiada","og_url":"https:\/\/marketing-multinivel.com\/info\/","og_site_name":"Marketing Multinivel","article_modified_time":"2025-02-01T11:43:21+00:00","og_image":[{"url":"https:\/\/marketing-multinivel.com\/info\/wp-content\/uploads\/headermovil_escritorio.png","type":"","width":"","height":""}],"twitter_card":"summary_large_image","twitter_misc":{"Tiempo de lectura":"1 minuto"},"schema":{"@context":"https:\/\/schema.org","@graph":[{"@type":"WebPage","@id":"https:\/\/marketing-multinivel.com\/info\/","url":"https:\/\/marketing-multinivel.com\/info\/","name":"Home - Marketing Multinivel","isPartOf":{"@id":"https:\/\/marketing-multinivel.com\/info\/#website"},"primaryImageOfPage":{"@id":"https:\/\/marketing-multinivel.com\/info\/#primaryimage"},"image":{"@id":"https:\/\/marketing-multinivel.com\/info\/#primaryimage"},"thumbnailUrl":"https:\/\/marketing-multinivel.com\/info\/wp-content\/uploads\/headermovil_escritorio.png","datePublished":"2023-12-14T18:40:25+00:00","dateModified":"2025-02-01T11:43:21+00:00","breadcrumb":{"@id":"https:\/\/marketing-multinivel.com\/info\/#breadcrumb"},"inLanguage":"es","potentialAction":[{"@type":"ReadAction","target":["https:\/\/marketing-multinivel.com\/info\/"]}]},{"@type":"ImageObject","inLanguage":"es","@id":"https:\/\/marketing-multinivel.com\/info\/#primaryimage","url":"https:\/\/i0.wp.com\/marketing-multinivel.com\/info\/wp-content\/uploads\/headermovil_escritorio.png?fit=830%2C616&ssl=1","contentUrl":"https:\/\/i0.wp.com\/marketing-multinivel.com\/info\/wp-content\/uploads\/headermovil_escritorio.png?fit=830%2C616&ssl=1","width":830,"height":616},{"@type":"BreadcrumbList","@id":"https:\/\/marketing-multinivel.com\/info\/#breadcrumb","itemListElement":[{"@type":"ListItem","position":1,"name":"Inicio","item":"https:\/\/marketing-multinivel.com\/info\/"},{"@type":"ListItem","position":2,"name":"Home"}]},{"@type":"WebSite","@id":"https:\/\/marketing-multinivel.com\/info\/#website","url":"https:\/\/marketing-multinivel.com\/info\/","name":"Marketing Multinivel","description":"Transformamos l\u00edderes de redes de mercadeo en empresarios independientes con herramientas digitales y estrategias de marketing.","alternateName":"Impulsa tu Multinivel","potentialAction":[{"@type":"SearchAction","target":{"@type":"EntryPoint","urlTemplate":"https:\/\/marketing-multinivel.com\/info\/?s={search_term_string}"},"query-input":{"@type":"PropertyValueSpecification","valueRequired":true,"valueName":"search_term_string"}}],"inLanguage":"es"}]}},"jetpack_sharing_enabled":true,"jetpack_shortlink":"https:\/\/wp.me\/Pfjks7-b","_links":{"self":[{"href":"https:\/\/marketing-multinivel.com\/info\/wp-json\/wp\/v2\/pages\/11","targetHints":{"allow":["GET"]}}],"collection":[{"href":"https:\/\/marketing-multinivel.com\/info\/wp-json\/wp\/v2\/pages"}],"about":[{"href":"https:\/\/marketing-multinivel.com\/info\/wp-json\/wp\/v2\/types\/page"}],"author":[{"embeddable":true,"href":"https:\/\/marketing-multinivel.com\/info\/wp-json\/wp\/v2\/users\/1"}],"replies":[{"embeddable":true,"href":"https:\/\/marketing-multinivel.com\/info\/wp-json\/wp\/v2\/comments?post=11"}],"version-history":[{"count":400,"href":"https:\/\/marketing-multinivel.com\/info\/wp-json\/wp\/v2\/pages\/11\/revisions"}],"predecessor-version":[{"id":526,"href":"https:\/\/marketing-multinivel.com\/info\/wp-json\/wp\/v2\/pages\/11\/revisions\/526"}],"wp:attachment":[{"href":"https:\/\/marketing-multinivel.com\/info\/wp-json\/wp\/v2\/media?parent=11"}],"curies":[{"name":"wp","href":"https:\/\/api.w.org\/{rel}","templated":true}]}}